is the tens digit of 6114019254?
5
What is the millions digit of 88135243?
8
What is the thousands digit of 468768233?
8
What is the hundreds digit of 8150745915?
9
What is the hundreds digit of 925294341?
3
What is the thousands digit of 731575?
1
What is the hundred thousands digit of 671667577?
6
What is the units digit of 238428428?
8
What is the hundred thousands digit of 825926414?
9
What is the units digit of 309544438?
8
What is the tens digit of 471846519?
1
What is the tens digit of 50848121?
2
What is the millions digit of 22253451?
2
What is the thousands digit of 1144825234?
5
What is the ten thousands digit of 86528165?
2
What is the units digit of 5975345589?
9
What is the units digit of 605150873?
3
What is the units digit of 31268023?
3
What is the millions digit of 29763191?
9
What is the thousands digit of 13422853?
2
What is the thousands digit of 1521024159?
4
What is the millions digit of 734103571?
4
What is the millions digit of 968617076?
8
What is the millions digit of 460780358?
0
What is the tens digit of 540071163?
6
What is the ten thousands digit of 58296243?
9
What is the thousands digit of 632173963?
3
What is the tens digit of 77013988?
8
What is the thousands digit of 49098181?
8
What is the billions digit of 4509050252?
4
What is the tens digit of 587662175?
7
What is the millions digit of 923706552?
3
What is the thousands digit of 183108158?
8
What is the hundred millions digit of 6815233739?
8
What is the ten millions digit of 27069919?
2
What is the hundreds digit of 14837487?
4
What is the hundred millions digit of 171865881?
1
What is the hundred thousands digit of 9367006?
3
What is the thousands digit of 327551167?
1
What is the ten millions digit of 3000078299?
0
What is the tens digit of 74765098?
9
What is the millions digit of 158109234?
8
What is the ten thousands digit of 6744192?
4
What is the ten thousands digit of 281280354?
8
What is the ten millions digit of 101748111?
0
What is the units digit of 46937727?
7
What is the tens digit of 5661284016?
1
What is the ten millions digit of 91733013?
9
What is the hundred thousands digit of 30952254?
9
What is the hundred thousands digit of 2617681425?
6
What is the units digit of 1205886938?
8
What is the millions digit of 2879243581?
9
What is the hundred thousands digit of 21608213?
6
What is the ten thousands digit of 420244082?
4
What is the hundreds digit of 86738824?
8
What is the tens digit of 3928546?
4
What is the units digit of 1235963856?
6
What is the hundred thousands digit of 74534354?
5
What is the tens digit of 21071068?
6
What is the units digit of 418090898?
8
What is the millions digit of 23504953?
3
What is the hundred thousands digit of 813828092?
8
What is the ten millions digit of 54592249?
5
What is the millions digit of 415426855?
5
What is the hundred millions digit of 458834353?
4
What is the thousands digit of 48567567?
7
What is the hundreds digit of 127271818?
8
What is the ten millions digit of 25388131?
2
What is the thousands digit of 19069511?
9
What is the tens digit of 38491186?
8
What is the millions digit of 157061908?
7
What is the units digit of 24372677?
7
What is the hundred thousands digit of 4189644496?
6
What is the tens digit of 633405158?
5
What is the hundred thousands digit of 15724161?
7
What is the units digit of 292919778?
8
What is the ten thousands digit of 372424820?
2
What is the ten millions digit of 10404822?
1
What is the hundred thousands digit of 38855374?
8
What is the hundred thousands digit of 3731372494?
3
What is the thousands digit of 38892310?
2
What is the hundred millions digit of 490014952?
4
What is the hundred thousands digit of 379761750?
7
What is the ten millions digit of 2076247257?
7
What is the thousands digit of 518571194?
1
What is the units digit of 1402732595?
5
What is the units digit of 2456552471?
1
What is the ten thousands digit of 77479976?
7
What is the units digit of 4841540914?
4
What is the hundred thousands digit of 15331024?
3
What is the millions digit of 420860507?
0
What is the hundred thousands digit of 4152097930?
0
What is the ten thousands digit of 46718343?
1
What is the tens digit of 1654241379?
7
What is the tens digit of 136482991?
9
What is the tens digit of 108657808?
0
What is the ten thousands digit of 10830175?
3
What is the ten millions digit of 227282376?
2
What is the units digit of 908586558?
8
What is the thousands digit of 188728444?
8
What is the tens digit of 436137909?
0
What is the billions digit of 2100133749?
2
What is the hundred millions digit of 917622439?
9
What is the ten millions digit of 18456968?
1
What is the millions digit of 1162395190?
2
What is the thousands digit of 462022062?
2
What is the hundreds digit of 269083115?
1
What is the hundreds digit of 86427397?
3
What is the hundred thousands digit of 20172402?
1
What is the hundred millions digit of 155977910?
1
What is the tens digit of 54744390?
9
What is the hundred thousands digit of 158509068?
5
What is the ten thousands digit of 8015496?
1
What is the tens digit of 353568530?
3
What is the hundred thousands digit of 7856056?
8
What is the ten millions digit of 2084703492?
8
What is the ten thousands digit of 259760272?
6
What is the hundreds digit of 6499234131?
1
What is the hundred thousands digit of 12305142?
3
What is the hundred millions digit of 175588493?
1
What is the ten thousands digit of 8106150193?
5
What is the ten thousands digit of 1397581270?
8
What is the millions digit of 986471017?
6
What is the ten thousands digit of 39176957?
7
What is the hundreds digit of 4242561?
5
What is the thousands digit of 5991526177?
6
What is the units digit of 1137846010?
0
What is the hundreds digit of 5158966380?
3
What is the hundred millions digit of 174760487?
1
What is the ten thousands digit of 6609913270?
1
What is the ten millions digit of 362302053?
6
What is the units digit of 46813522?
2
What is the millions digit of 9952913?
9
What is the ten millions digit of 4929251426?
2
What is the hundred thousands digit of 1206969173?
9
What is the units digit of 77376285?
5
What is the hundred thousands digit of 9390064?
3
What is the millions digit of 3519995?
3
What is the thousands digit of 3153369288?
9
What is the thousands digit of 216347525?
7
What is the ten millions digit of 365407819?
6
What is the hundred millions digit of 198539522?
1
What is the ten thousands digit of 22891653?
9
What is the tens digit of 90465748?
4
What is the ten millions digit of 61379041?
6
What is the hundred millions digit of 854635842?
8
What is the ten millions digit of 279792527?
7
What is the ten thousands digit of 370316313?
1
What is the hundreds digit of 120192252?
2
What is the tens digit of 21193078?
7
What is the thousands digit of 2923959372?
9
What is the hundreds digit of 127903508?
5
What is the thousands digit of 46310940?
0
What is the hundred millions digit of 1673904926?
6
What is the thousands digit of 18152611?
2
What is the ten millions digit of 621835763?
2
What is the millions digit of 54665682?
4
What is the hundred thousands digit of 116648007?
6
What is the thousands digit of 68516979?
6
What is the hundreds digit of 729953587?
5
What is the hundreds digit of 2908459155?
1
What is the millions digit of 68977521?
8
What is the units digit of 739519094?
4
What is the hundreds digit of 357195919?
9
What is the millions digit of 594957695?
4
What is the units digit of 119438542?
2
What is the units digit of 66807758?
8
What is the ten thousands digit of 433472085?
7
What is the tens digit of 62460164?
6
What is the hundreds digit of 1884333506?
5
What is the ten thousands digit of 12206809?
0
What is the ten millions digit of 86749177?
8
What is the tens digit of 95077204?
0
What is the hundred thousands digit of 30111265?
1
What is the hundred thousands digit of 675730441?
7
What is the ten thousands digit of 4056742709?
4
What is the ten thousands digit of 5141996?
4
What is the tens digit of 279496728?
2
What is the millions digit of 349443761?
9
What is the hundreds digit of 34645935?
9
What is the hundred thousands digit of 87444486?
4
What is the tens digit of 24181976?
7
What is the units digit of 53926197?
7
What is the hundred thousa